88?
8
What is the thousands digit of 19582716?
2
What is the ten millions digit of 540663994?
4
What is the hundred millions digit of 146647213?
1
What is the hundreds digit of 27285029?
0
What is the ten millions digit of 390953758?
9
What is the units digit of 4707798951?
1
What is the units digit of 215102338?
8
What is the hundreds digit of 21906282?
2
What is the hundred millions digit of 5413104666?
4
What is the units digit of 190419552?
2
What is the ten millions digit of 1568202242?
6
What is the tens digit of 4718194834?
3
What is the hundred millions digit of 546902526?
5
What is the millions digit of 213509473?
3
What is the hundred millions digit of 412486005?
4
What is the ten thousands digit of 251603132?
0
What is the ten millions digit of 78264514?
7
What is the thousands digit of 135188758?
8
What is the millions digit of 629320538?
9
What is the ten millions digit of 344499004?
4
What is the units digit of 97981639?
9
What is the tens digit of 42374701?
0
What is the hundred thousands digit of 389243679?
2
What is the hundred thousands digit of 50005679?
0
What is the hundred thousands digit of 1144374451?
3
What is the hundred millions digit of 338746883?
3
What is the tens digit of 94345215?
1
What is the hundreds digit of 713840253?
2
What is the hundred millions digit of 1586279571?
5
What is the thousands digit of 1967457270?
7
What is the hundreds digit of 169712256?
2
What is the hundreds digit of 558124724?
7
What is the thousands digit of 104554817?
4
What is the ten thousands digit of 98753432?
5
What is the ten thousands digit of 517353207?
5
What is the hundred thousands digit of 70526598?
5
What is the ten millions digit of 126690198?
2
What is the units digit of 297740611?
1
What is the ten millions digit of 858849624?
5
What is the hundred millions digit of 3026308402?
0
What is the hundred thousands digit of 104357726?
3
What is the units digit of 2466037315?
5
What is the ten thousands digit of 276141203?
4
What is the units digit of 2823890?
0
What is the millions digit of 377730407?
7
What is the hundreds digit of 1302425654?
6
What is the hundred millions digit of 180685117?
1
What is the hundreds digit of 2050424379?
3
What is the millions digit of 6081437174?
1
What is the hundreds digit of 684647297?
2
What is the ten thousands digit of 100986776?
8
What is the ten thousands digit of 240207672?
0
What is the millions digit of 31179834?
1
What is the thousands digit of 83209223?
9
What is the hundred thousands digit of 112389779?
3
What is the millions digit of 3249329815?
9
What is the hundred millions digit of 448894986?
4
What is the tens digit of 550936352?
5
What is the ten millions digit of 64827171?
6
What is the tens digit of 596049733?
3
What is the hundreds digit of 29502601?
6
What is the hundred millions digit of 530570773?
5
What is the ten millions digit of 883591668?
8
What is the units digit of 54453275?
5
What is the hundreds digit of 1107543969?
9
What is the thousands digit of 2589425507?
5
What is the hundred thousands digit of 80374614?
3
What is the hundreds digit of 56559763?
7
What is the hundred thousands digit of 55964903?
9
What is the tens digit of 26425381?
8
What is the ten millions digit of 4876840379?
7
What is the tens digit of 1000342117?
1
What is the units digit of 255867426?
6
What is the thousands digit of 1048436025?
6
What is the millions digit of 24345459?
4
What is the tens digit of 245609714?
1
What is the hundred thousands digit of 467405744?
4
What is the ten thousands digit of 624056965?
5
What is the billions digit of 2430538378?
2
What is the hundred millions digit of 154688564?
1
What is the units digit of 381720594?
4
What is the ten millions digit of 397550964?
9
What is the thousands digit of 1692006432?
6
What is the millions digit of 1338865353?
8
What is the thousands digit of 84716838?
6
What is the ten millions digit of 936905412?
3
What is the ten thousands digit of 6847492433?
9
What is the billions digit of 1627626395?
1
What is the units digit of 819112260?
0
What is the ten millions digit of 85529454?
8
What is the thousands digit of 934109158?
9
What is the millions digit of 218410668?
8
What is the hundreds digit of 109981703?
7
What is the ten thousands digit of 317891173?
9
What is the units digit of 226339993?
3
What is the hundred thousands digit of 18933345?
9
What is the hundred millions digit of 186599860?
1
What is the millions digit of 147082454?
7
What is the hundred millions digit of 1629187764?
6
What is the hundreds digit of 24130283?
2
What is the hundred thousands digit of 29394685?
3
What is the ten millions digit of 64514199?
6
What is the units digit of 3126588029?
9
What is the hundred thousands digit of 93251353?
2
What is the ten millions digit of 20901622?
2
What is the hundreds digit of 1414799067?
0
What is the tens digit of 1622207336?
3
What is the hundred thousands digit of 1121932145?
9
What is the hundreds digit of 3386513195?
1
What is the thousands digit of 69142384?
2
What is the hundred thousands digit of 1423550?
4
What is the thousands digit of 21365979?
5
What is the tens digit of 944095034?
3
What is the units digit of 5603429711?
1
What is the units digit of 1194197510?
0
What is the hundred thousands digit of 155836467?
8
What is the ten thousands digit of 1668145378?
4
What is the ten thousands digit of 3177050753?
5
What is the hundreds digit of 282755367?
3
What is the thousands digit of 388762828?
2
What is the hundreds digit of 450380597?
5
What is the hundreds digit of 1255825226?
2
What is the ten thousands digit of 294978655?
7
What is the thousands digit of 466741192?
1
What is the hundred millions digit of 205273004?
2
What is the tens digit of 44052271?
7
What is the thousands digit of 76013004?
3
What is the hundreds digit of 338114815?
8
What is the tens digit of 965774241?
4
What is the tens digit of 41868355?
5
What is the tens digit of 44426066?
6
What is the millions digit of 220290723?
0
What is the millions digit of 50047212?
0
What is the hundred millions digit of 262910656?
2
What is the tens digit of 22731088?
8
What is the hundred millions digit of 209348452?
2
What is the ten millions digit of 118421924?
1
What is the ten millions digit of 676661203?
7
What is the ten millions digit of 71979726?
7
What is the hundreds digit of 754653223?
2
What is the ten thousands digit of 21226598?
2
What is the hundred millions digit of 117486268?
1
What is the ten thousands digit of 29053172?
5
What is the thousands digit of 1035173369?
3
What is the hundreds digit of 29347813?
8
What is the tens digit of 53275555?
5
What is the units digit of 1256183531?
1
What is the units digit of 68021520?
0
What is the ten millions digit of 3372613318?
7
What is the hundreds digit of 21747388?
3
What is the hundred millions digit of 1289778052?
2
What is the hundred thousands digit of 26038498?
0
What is the millions digit of 53658199?
3
What is the ten thousands digit of 826494029?
9
What is the thousands digit of 2731301041?
1
What is the hundreds digit of 1551934038?
0
What is the billions digit of 1275598488?
1
What is the tens digit of 119542386?
8
What is the hundred thousands digit of 34412765?
4
What is the thousands digit of 256225056?
5
What is the tens digit of 33144192?
9
What is the units digit of 2947554875?
5
What is the ten thousands digit of 43074109?
7
What is the millions digit of 152947449?
2
What is the thousands digit of 1473174641?
4
What is the hundred millions digit of 2370875608?
3
What is the ten millions digit of 159903593?
5
What is the hundreds digit of 36276474?
4
What is the units digit of 195768764?
4
What is the hundreds digit of 5963215726?
7
What is the ten thousands digit of 9897700?
9
What is the tens digit of 307996407?
0
What is the tens digit of 9223760?
6
What is the millions digit of 561364403?
1
What is the thousands digit of 379287322?
7
What is the hundred thousands digit of 358801886?
8
What is the millions digit of 19237183?
9
What is the millions digit of 132417259?
2
What is the thousands digit of 20000080?
0
What is the hundreds digit of 1066725?
7
What is the units digit of 755691302?
2
What is the ten millions digit of 115188800?
1
What is the te